s 25 a factor of 560149149?
False
Is 19043386 a multiple of 440?
False
Is 12745194 a multiple of 52?
False
Is 363 a factor of 100158960?
True
Does 2694 divide 202386750?
True
Is 131686813 a multiple of 1038?
False
Does 237 divide 36436143?
True
Does 1151 divide 467129883?
False
Is 223 a factor of 51023515?
True
Is 274235080 a multiple of 28?
True
Is 415 a factor of 128115065?
True
Is 94607912 a multiple of 778?
True
Is 4 a factor of 31278508?
True
Does 212 divide 40491612?
False
Is 464 a factor of 70374294?
False
Is 1518586976 a multiple of 2234?
False
Is 97662749 a multiple of 1544?
False
Is 151440190 a multiple of 6?
False
Is 526846920 a multiple of 853?
True
Does 75 divide 856300989?
False
Is 7234 a factor of 928006456?
True
Is 36497071 a multiple of 73?
False
Does 12 divide 50736756?
True
Is 120201900 a multiple of 3900?
True
Is 4288477327 a multiple of 61?
True
Is 200319840 a multiple of 1568?
True
Is 85 a factor of 349599900?
True
Is 131 a factor of 36650065?
False
Is 397 a factor of 59754101?
False
Does 31 divide 38390338?
True
Is 36 a factor of 384728206?
False
Does 123 divide 807244538?
False
Is 4139 a factor of 204098229?
True
Does 4879 divide 489621717?
False
Does 67 divide 45719728?
True
Is 681032781 a multiple of 771?
True
Is 5684876 a multiple of 38?
True
Is 10582 a factor of 1799147421?
False
Does 61 divide 111940596?
False
Is 3133690 a multiple of 35?
True
Is 160 a factor of 52925120?
True
Is 1066040266 a multiple of 4578?
False
Is 14843171 a multiple of 1022?
False
Does 18 divide 4643542581?
False
Is 1252084177 a multiple of 101?
False
Is 7 a factor of 58847495?
True
Is 297557204 a multiple of 1869?
False
Is 17 a factor of 39619554?
True
Does 324 divide 37551744?
False
Does 3204 divide 850492188?
True
Does 46 divide 43333612?
False
Is 115270100 a multiple of 1892?
True
Is 82 a factor of 546672844?
True
Does 98 divide 246073394?
True
Is 216 a factor of 15201864?
True
Is 7 a factor of 57886584?
True
Is 2714 a factor of 350437108?
True
Is 7907110 a multiple of 45?
False
Does 1661 divide 40436971?
False
Is 114920140 a multiple of 1294?
True
Does 323 divide 1215280394?
True
Is 8 a factor of 187055964?
False
Is 794551595 a multiple of 11?
False
Does 4 divide 11667779?
False
Is 305647309 a multiple of 72?
False
Is 81 a factor of 15109335?
True
Is 328583960 a multiple of 10?
True
Is 114803850 a multiple of 150?
True
Is 58 a factor of 10445263?
False
Does 341 divide 189145539?
True
Is 99 a factor of 22084524?
True
Does 531 divide 1001761236?
True
Is 2720109 a multiple of 7?
True
Does 5440 divide 759689459?
False
Is 73273558 even?
True
Does 251 divide 154621020?
True
Is 338151625 a multiple of 1561?
True
Is 48431230 a multiple of 32?
False
Is 31 a factor of 303395473?
False
Does 3 divide 1500360?
True
Does 209 divide 5319985484?
True
Is 168247314 a multiple of 381?
True
Is 212 a factor of 85704893?
False
Does 33 divide 31186188?
True
Is 2 a factor of 7339449?
False
Is 2859279389 a multiple of 899?
True
Is 501 a factor of 111023419?
False
Is 168982320 a multiple of 14?
False
Does 105 divide 8267182?
False
Is 109 a factor of 846909392?
False
Is 4356318233 a multiple of 24?
False
Does 190 divide 193282440?
True
Does 79 divide 5823994483?
False
Is 56214900 a multiple of 75?
True
Is 78412074 a multiple of 47?
True
Is 8402202 a multiple of 5?
False
Is 395 a factor of 203076686?
False
Is 496015596 a multiple of 482?
True
Is 232945160 a multiple of 3997?
True
Is 4904361 a multiple of 49?
True
Does 336 divide 3160080?
True
Is 28795250 a multiple of 11?
True
Is 520274148 a multiple of 678?
True
Is 580 a factor of 48315740?
True
Is 588771436 a multiple of 721?
False
Is 53 a factor of 184414507?
True
Is 263144625 a multiple of 11?
False
Is 606363480 a multiple of 51?
True
Is 7 a factor of 1962746322?
False
Does 332 divide 1296783700?
True
Is 167448752 a multiple of 511?
False
Does 61 divide 109569397?
False
Is 275 a factor of 547974039?
False
Is 2344 a factor of 4511176?
False
Does 104 divide 108486456?
True
Does 4 divide 6691582?
False
Is 47800020 a multiple of 293?
True
Is 5956 a factor of 4928476836?
True
Does 474 divide 359427564?
True
Is 2 a factor of 6248664?
True
Does 97 divide 1603636883?
True
Is 601 a factor of 211648183?
False
Is 681 a factor of 28621749?
True
Is 48 a factor of 8134659?
False
Does 230 divide 175923780?
True
Is 8536521710 a multiple of 14?
False
Does 2571 divide 36811578?
True
Is 25673466 a multiple of 7234?
True
Is 54 a factor of 204851067?
False
Is 79 a factor of 23466772?
False
Does 1100 divide 337540500?
True
Does 96 divide 585805989?
False
Is 22885326 a multiple of 859?
False
Is 2032558454 a multiple of 9?
False
Is 8438 a factor of 617952209?
False
Is 2186 a factor of 69901722?
True
Does 76 divide 26813486?
False
Is 104 a factor of 121485520?
True
Is 7 a factor of 22814768?
False
Does 9 divide 1170931337?
False
Is 11610 a factor of 2706221340?
True
Is 155608584 a multiple of 100?
False
Is 104926027 a multiple of 8350?
False
Does 9 divide 5552200116?
True
Is 1380300 a multiple of 321?
True
Is 213950016 a multiple of 188?
True
Is 38468467 a multiple of 17?
True
Is 51 a factor of 173781897?
False
Is 41 a factor of 344601556?
True
Does 351 divide 14664429?
True
Is 192011774 a multiple of 23?
True
Is 18886320 a multiple of 720?
True
Is 18 a factor of 721525425?
False
Does 8121 divide 573846102?
True
Is 6589320 a multiple of 60?
True
Does 57 divide 152343006?
False
Is 1327 a factor of 1381115406?
False
Does 17 divide 1414342829?
True
Is 20 a factor of 378336478?
False
Is 590716020 a multiple of 395?
False
Is 38183700 a multiple of 30?
True
Does 114 divide 715744440?
True
Is 228315315 a multiple of 952?
False
Is 441189896 a multiple of 7?
True
Is 1927 a factor of 41677196?
False
Does 56 divide 2079389399?
False
Is 781345656 a multiple of 3556?
True
Is 4 a factor of 25059744?
True
Does 40 divide 23164449?
False
Is 229700016 a multiple of 234?
True
Is 92 a factor of 9151063?
False
Does 1291 divide 220878392?
False
Is 18618173 a multiple of 227?
False
Is 231696245 a multiple of 295?
True
Is 28 a factor of 224373380?
True
Does 3010 divide 666108016?
False
Does 224 divide 8645280?
True
Is 6148 a factor of 1146894802?
False
Is 13471575 a multiple of 2?
False
Does 230 divide 3962401?
False
Is 599486171 a multiple of 227?
False
Is 46765467 a multiple of 47?
False
Is 12724 a factor of 2955544898?
False
Is 1459687230 a multiple of 135?
True
Is 30 a factor of 1878214086?
False
Does 29 divide 525883796?
True
Is 358191440 a multiple of 1357?
False
Does 47 divide 18998481?
True
Is 67 a factor of 27730429?
True
Is 370924748 a multiple of 3686?
False
Is 664 a factor of 584019066?
False
Is 930 a factor of 496651620?
True
Is 1217698113 a multiple of 503?
True
Does 9 divide 47616695?
False
Is 1020885662 a multiple of 22?
False
Is 560 a factor of 2937411?
False
Is 20258176 a multiple of 7?
False
Does 1434 divide 61723916?
False
Is 116 a factor of 58337212?
True
Is 1169366015 a multiple of 238?
False
Is 93 a factor of 77443775?
False
Does 715 divide 506577611?
False
Does 694 divide 653774610?
False
Does 73 divide 165644043?
False
Is 92384691 a multiple of 63?
False
Is 1135 a factor of 2897048?
False
Is 279354734 a multiple of 1069?
False
Is 26423277 a multiple of 92?
False
Is 21193349 a multiple of 14?
False
Is 78 a factor of 786786?
True
Is 21 a factor of 17697057?
True
Is 89477104 a multiple of 686?
False
Does 108 divide 5194958?
False
Does 86 divide 8426684?
False
Does 5772 divide 1058478155?
False
Does 20 divide 49440711?
False
Is 273 a factor of 155359659?
True
Does 135 divide 626736960?
True
Is 375 a factor of 316476750?
True
Is 79922960 a multiple of 335?
True
Is 154 a factor of 29556918?
False
Does 5612 divide 1726630581?
False
Does 630 divide 126129780?
True
Does 2598 divide 12485988?
True
Is 79 a factor of 466007592?
False
Does 133 divide 174727183?
False
Does 16 divide 68122592?
True
Does 9 divide 17521866?
True
Does 2537 divide 777943143?
True
Is 199845240 a multiple of 24?
True
Is 34146268 a multiple of 13?
True
Is 5874953 a multiple of 23?
False
Is 761 a factor of 22027906?
True
Does 61 divide 21040923?
False
Does 5012 divide 107387112?
True
Is 222 a factor of 689266210?
False
Does 27 divide 1896538227?
False
Is 1242917298 a m